{"id":47,"date":"2023-01-15T23:51:20","date_gmt":"2023-01-15T23:51:20","guid":{"rendered":"https:\/\/acampamentoarraial.com.br\/?page_id=47"},"modified":"2023-01-24T21:23:57","modified_gmt":"2023-01-24T21:23:57","slug":"a-comunicacao-do-arraial-e-arte-da-cabruca","status":"publish","type":"page","link":"https:\/\/acampamentoarraial.com.br\/index.php\/a-comunicacao-do-arraial-e-arte-da-cabruca\/","title":{"rendered":"A Comunica\u00e7\u00e3o do Arraial \u00e9 arte da Cabruca"},"content":{"rendered":"\n<figure class=\"wp-block-image aligncenter size-large\"><img fetchpriority=\"high\" decoding=\"async\" width=\"683\" height=\"1024\" src=\"http:\/\/acampamentoarraial.com.br\/wp-content\/uploads\/2023\/01\/1-galeriaconfeccaoaraketu-09012023-_MG_8887-683x1024.jpg\" alt=\"\" class=\"wp-image-46\" srcset=\"https:\/\/acampamentoarraial.com.br\/wp-content\/uploads\/2023\/01\/1-galeriaconfeccaoaraketu-09012023-_MG_8887-683x1024.jpg 683w, https:\/\/acampamentoarraial.com.br\/wp-content\/uploads\/2023\/01\/1-galeriaconfeccaoaraketu-09012023-_MG_8887-200x300.jpg 200w, https:\/\/acampamentoarraial.com.br\/wp-content\/uploads\/2023\/01\/1-galeriaconfeccaoaraketu-09012023-_MG_8887-768x1152.jpg 768w, https:\/\/acampamentoarraial.com.br\/wp-content\/uploads\/2023\/01\/1-galeriaconfeccaoaraketu-09012023-_MG_8887-1024x1536.jpg 1024w, https:\/\/acampamentoarraial.com.br\/wp-content\/uploads\/2023\/01\/1-galeriaconfeccaoaraketu-09012023-_MG_8887-1365x2048.jpg 1365w, https:\/\/acampamentoarraial.com.br\/wp-content\/uploads\/2023\/01\/1-galeriaconfeccaoaraketu-09012023-_MG_8887-scaled.jpg 1707w\" sizes=\"(max-width: 683px) 100vw, 683px\" \/><\/figure>\n\n\n\n<h2 class=\"wp-block-heading\">Cabruca<\/h2>\n\n\n\n<p>Criadores de historias visuais e entusiastas da fotografia espont\u00e2nea, pensando formas de plantar e colher sempre novas ideias. A Cabruca \u00e9 uma equipe que se formou aqui no Arraial h\u00e1 7 anos e entende que o trabalho no acampamento \u00e9 sobre eternizar mem\u00f3rias da inf\u00e2ncia de uma forma l\u00fadica e sens\u00edvel. Queremos ver a crian\u00e7a em seu elemento mais puro, livre para brincar de viver.<\/p>\n\n\n\n<h3 class=\"wp-block-heading\">Linha de mem\u00f3rias<\/h3>\n\n\n\n<p>O Arraial \u00e9 um lugar que preserva a inf\u00e2ncia e suas mem\u00f3rias. A nossa <strong>Linha de Mem\u00f3rias<\/strong> tem o objetivo de contar a hist\u00f3ria de aventuras das crian\u00e7as, que vivem uma experi\u00eancia \u00fanica de ser acampante aqui no Arraial. Sabemos que o tempo passa r\u00e1pido e, num instante, as crian\u00e7as pequenas se tornam grandes, ciclos se abrem e se fecham num piscar de olhos! Por isso que n\u00f3s da Cabruca queremos trazer para voc\u00eas alguns dos momentos incr\u00edveis que buscamos eternizar com nossos cliques.<\/p>\n\n\n\n<h3 class=\"wp-block-heading\">Conhe\u00e7a nossos produtos<\/h3>\n\n\n\n<div class=\"wp-block-columns is-layout-flex wp-container-4 wp-block-columns-is-layout-flex\">\n<div class=\"wp-block-column is-layout-flow wp-block-column-is-layout-flow\">\n<figure class=\"wp-block-image size-large\"><img decoding=\"async\" width=\"682\" height=\"1024\" src=\"https:\/\/acampamentoarraial.com.br\/wp-content\/uploads\/2023\/01\/2-caixinha-10012023-_RN_8555-682x1024.jpg\" alt=\"\" class=\"wp-image-48\" srcset=\"https:\/\/acampamentoarraial.com.br\/wp-content\/uploads\/2023\/01\/2-caixinha-10012023-_RN_8555-682x1024.jpg 682w, https:\/\/acampamentoarraial.com.br\/wp-content\/uploads\/2023\/01\/2-caixinha-10012023-_RN_8555-200x300.jpg 200w, https:\/\/acampamentoarraial.com.br\/wp-content\/uploads\/2023\/01\/2-caixinha-10012023-_RN_8555-768x1152.jpg 768w, https:\/\/acampamentoarraial.com.br\/wp-content\/uploads\/2023\/01\/2-caixinha-10012023-_RN_8555-1024x1536.jpg 1024w, https:\/\/acampamentoarraial.com.br\/wp-content\/uploads\/2023\/01\/2-caixinha-10012023-_RN_8555.jpg 1333w\" sizes=\"(max-width: 682px) 100vw, 682px\" \/><figcaption class=\"wp-element-caption\">Caminho do Acampante<\/figcaption><\/figure>\n<\/div>\n\n\n\n<div class=\"wp-block-column is-layout-flow wp-block-column-is-layout-flow\">\n<figure class=\"wp-block-image size-large\"><img decoding=\"async\" width=\"682\" height=\"1024\" src=\"http:\/\/acampamentoarraial.com.br\/wp-content\/uploads\/2023\/01\/3-gdm-07012023-_RN_3050-682x1024.jpg\" alt=\"\" class=\"wp-image-49\" srcset=\"https:\/\/acampamentoarraial.com.br\/wp-content\/uploads\/2023\/01\/3-gdm-07012023-_RN_3050-682x1024.jpg 682w, https:\/\/acampamentoarraial.com.br\/wp-content\/uploads\/2023\/01\/3-gdm-07012023-_RN_3050-200x300.jpg 200w, https:\/\/acampamentoarraial.com.br\/wp-content\/uploads\/2023\/01\/3-gdm-07012023-_RN_3050-768x1152.jpg 768w, https:\/\/acampamentoarraial.com.br\/wp-content\/uploads\/2023\/01\/3-gdm-07012023-_RN_3050-1024x1536.jpg 1024w, https:\/\/acampamentoarraial.com.br\/wp-content\/uploads\/2023\/01\/3-gdm-07012023-_RN_3050.jpg 1333w\" sizes=\"(max-width: 682px) 100vw, 682px\" \/><figcaption class=\"wp-element-caption\">Todo mundo joga<\/figcaption><\/figure>\n<\/div>\n\n\n\n<div class=\"wp-block-column is-layout-flow wp-block-column-is-layout-flow\">\n<figure class=\"wp-block-image size-large\"><img loading=\"lazy\" decoding=\"async\" width=\"1024\" height=\"682\" src=\"http:\/\/acampamentoarraial.com.br\/wp-content\/uploads\/2023\/01\/2-campismo-04012023-_MG_8310-1024x682.jpg\" alt=\"\" class=\"wp-image-50\" srcset=\"https:\/\/acampamentoarraial.com.br\/wp-content\/uploads\/2023\/01\/2-campismo-04012023-_MG_8310-1024x682.jpg 1024w, https:\/\/acampamentoarraial.com.br\/wp-content\/uploads\/2023\/01\/2-campismo-04012023-_MG_8310-300x200.jpg 300w, https:\/\/acampamentoarraial.com.br\/wp-content\/uploads\/2023\/01\/2-campismo-04012023-_MG_8310-768x512.jpg 768w, https:\/\/acampamentoarraial.com.br\/wp-content\/uploads\/2023\/01\/2-campismo-04012023-_MG_8310-1536x1024.jpg 1536w, https:\/\/acampamentoarraial.com.br\/wp-content\/uploads\/2023\/01\/2-campismo-04012023-_MG_8310.jpg 2000w\" sizes=\"(max-width: 1024px) 100vw, 1024px\" \/><figcaption class=\"wp-element-caption\">Hist\u00f3rias, lembran\u00e7as \u00e9 uma cole\u00e7\u00e3o de fotos da temporada que contam a hist\u00f3ria dos acampantes vivendo o Arraial.<\/figcaption><\/figure>\n\n\n\n<figure class=\"wp-block-image size-large\"><img loading=\"lazy\" decoding=\"async\" width=\"1024\" height=\"683\" src=\"https:\/\/acampamentoarraial.com.br\/wp-content\/uploads\/2023\/01\/G1-30X20-34COPIAS-1024x683.jpg\" alt=\"\" class=\"wp-image-51\" srcset=\"https:\/\/acampamentoarraial.com.br\/wp-content\/uploads\/2023\/01\/G1-30X20-34COPIAS-1024x683.jpg 1024w, https:\/\/acampamentoarraial.com.br\/wp-content\/uploads\/2023\/01\/G1-30X20-34COPIAS-300x200.jpg 300w, https:\/\/acampamentoarraial.com.br\/wp-content\/uploads\/2023\/01\/G1-30X20-34COPIAS-768x512.jpg 768w, https:\/\/acampamentoarraial.com.br\/wp-content\/uploads\/2023\/01\/G1-30X20-34COPIAS-1536x1024.jpg 1536w, https:\/\/acampamentoarraial.com.br\/wp-content\/uploads\/2023\/01\/G1-30X20-34COPIAS-2048x1365.jpg 2048w\" sizes=\"(max-width: 1024px) 100vw, 1024px\" \/><figcaption class=\"wp-element-caption\">Somos todos crian\u00e7as \u00e9 a foto final, impressa em papel fotogr\u00e1fico para levar de lembran\u00e7a da temporada, a crian\u00e7a e seu grupo. <\/figcaption><\/figure>\n<\/div>\n<\/div>\n\n\n\n<p>Fa\u00e7a seu pedido no nosso whatsapp! Aqui mesmo nesta p\u00e1gina tem um bot\u00e3ozinho amarelo com o texto &#8220;manda um zap&#8221;, que vai direto para um chat com a gente. Assim que poss\u00edvel, retornaremos!<\/p>\n","protected":false},"excerpt":{"rendered":"<p>Cabruca Criadores de historias visuais e entusiastas da fotografia espont\u00e2nea, pensando formas de plantar e colher sempre novas ideias. A Cabruca \u00e9 uma equipe que se formou aqui no Arraial h\u00e1 7 anos e entende que o trabalho no acampamento \u00e9 sobre eternizar mem\u00f3rias da inf\u00e2ncia de uma forma l\u00fadica e sens\u00edvel. Queremos ver a &hellip;<\/p>\n<p class=\"read-more\"> <a class=\"\" href=\"https:\/\/acampamentoarraial.com.br\/index.php\/a-comunicacao-do-arraial-e-arte-da-cabruca\/\"> <span class=\"screen-reader-text\">A Comunica\u00e7\u00e3o do Arraial \u00e9 arte da Cabruca<\/span> Leia mais &raquo;<\/a><\/p>\n","protected":false},"author":1,"featured_media":0,"parent":0,"menu_order":0,"comment_status":"closed","ping_status":"closed","template":"","meta":{"site-sidebar-layout":"default","site-content-layout":"default","ast-global-header-display":"","ast-main-header-display":"","ast-hfb-above-header-display":"","ast-hfb-below-header-display":"","ast-hfb-mobile-header-display":"","site-post-title":"","ast-breadcrumbs-content":"","ast-featured-img":"","footer-sml-layout":"","theme-transparent-header-meta":"","adv-header-id-meta":"","stick-header-meta":"","header-above-stick-meta":"","header-main-stick-meta":"","header-below-stick-meta":"","footnotes":""},"_links":{"self":[{"href":"https:\/\/acampamentoarraial.com.br\/index.php\/wp-json\/wp\/v2\/pages\/47"}],"collection":[{"href":"https:\/\/acampamentoarraial.com.br\/index.php\/wp-json\/wp\/v2\/pages"}],"about":[{"href":"https:\/\/acampamentoarraial.com.br\/index.php\/wp-json\/wp\/v2\/types\/page"}],"author":[{"embeddable":true,"href":"https:\/\/acampamentoarraial.com.br\/index.php\/wp-json\/wp\/v2\/users\/1"}],"replies":[{"embeddable":true,"href":"https:\/\/acampamentoarraial.com.br\/index.php\/wp-json\/wp\/v2\/comments?post=47"}],"version-history":[{"count":6,"href":"https:\/\/acampamentoarraial.com.br\/index.php\/wp-json\/wp\/v2\/pages\/47\/revisions"}],"predecessor-version":[{"id":4900,"href":"https:\/\/acampamentoarraial.com.br\/index.php\/wp-json\/wp\/v2\/pages\/47\/revisions\/4900"}],"wp:attachment":[{"href":"https:\/\/acampamentoarraial.com.br\/index.php\/wp-json\/wp\/v2\/media?parent=47"}],"curies":[{"name":"wp","href":"https:\/\/api.w.org\/{rel}","templated":true}]}}

A Comunicação do Arraial é arte da Cabruca

<figure class="wp-block-image aligncenter size-large"><img fetchpriority="high" decoding="async" width="683" height="1024" src="http://acampamentoarraial.com.br/wp-content/uploads/2023/01/1-galeriaconfeccaoaraketu-09012023-_MG_8887-683x1024.jpg" alt="" class="wp-image-46" srcset="https://acampamentoarraial.com.br/wp-content/uploads/2023/01/1-galeriaconfeccaoaraketu-09012023-_MG_8887-683x1024.jpg 683w, https://acampamentoarraial.com.br/wp-content/uploads/2023/01/1-galeriaconfeccaoaraketu-09012023-_MG_8887-200x300.jpg 200w, https://acampamentoarraial.com.br/wp-content/uploads/2023/01/1-galeriaconfeccaoaraketu-09012023-_MG_8887-768x1152.jpg 768w, https://acampamentoarraial.com.br/wp-content/uploads/2023/01/1-galeriaconfeccaoaraketu-09012023-_MG_8887-1024x1536.jpg 1024w, https://acampamentoarraial.com.br/wp-content/uploads/2023/01/1-galeriaconfeccaoaraketu-09012023-_MG_8887-1365x2048.jpg 1365w, https://acampamentoarraial.com.br/wp-content/uploads/2023/01/1-galeriaconfeccaoaraketu-09012023-_MG_8887-scaled.jpg 1707w" sizes="(max-width: 683px) 100vw, 683px" /></figure>



<h2 class="wp-block-heading">Cabruca</h2>



<p>Criadores de historias visuais e entusiastas da fotografia espontânea, pensando formas de plantar e colher sempre novas ideias. A Cabruca é uma equipe que se formou aqui no Arraial há 7 anos e entende que o trabalho no acampamento é sobre eternizar memórias da infância de uma forma lúdica e sensível. Queremos ver a criança em seu elemento mais puro, livre para brincar de viver.</p>



<h3 class="wp-block-heading">Linha de memórias</h3>



<p>O Arraial é um lugar que preserva a infância e suas memórias. A nossa <strong>Linha de Memórias</strong> tem o objetivo de contar a história de aventuras das crianças, que vivem uma experiência única de ser acampante aqui no Arraial. Sabemos que o tempo passa rápido e, num instante, as crianças pequenas se tornam grandes, ciclos se abrem e se fecham num piscar de olhos! Por isso que nós da Cabruca queremos trazer para vocês alguns dos momentos incríveis que buscamos eternizar com nossos cliques.</p>



<h3 class="wp-block-heading">Conheça nossos produtos</h3>



<div class="wp-block-columns is-layout-flex wp-container-4 wp-block-columns-is-layout-flex">
<div class="wp-block-column is-layout-flow wp-block-column-is-layout-flow">
<figure class="wp-block-image size-large"><img decoding="async" width="682" height="1024" src="https://acampamentoarraial.com.br/wp-content/uploads/2023/01/2-caixinha-10012023-_RN_8555-682x1024.jpg" alt="" class="wp-image-48" srcset="https://acampamentoarraial.com.br/wp-content/uploads/2023/01/2-caixinha-10012023-_RN_8555-682x1024.jpg 682w, https://acampamentoarraial.com.br/wp-content/uploads/2023/01/2-caixinha-10012023-_RN_8555-200x300.jpg 200w, https://acampamentoarraial.com.br/wp-content/uploads/2023/01/2-caixinha-10012023-_RN_8555-768x1152.jpg 768w, https://acampamentoarraial.com.br/wp-content/uploads/2023/01/2-caixinha-10012023-_RN_8555-1024x1536.jpg 1024w, https://acampamentoarraial.com.br/wp-content/uploads/2023/01/2-caixinha-10012023-_RN_8555.jpg 1333w" sizes="(max-width: 682px) 100vw, 682px" /><figcaption class="wp-element-caption">Caminho do Acampante</figcaption></figure>
</div>



<div class="wp-block-column is-layout-flow wp-block-column-is-layout-flow">
<figure class="wp-block-image size-large"><img decoding="async" width="682" height="1024" src="http://acampamentoarraial.com.br/wp-content/uploads/2023/01/3-gdm-07012023-_RN_3050-682x1024.jpg" alt="" class="wp-image-49" srcset="https://acampamentoarraial.com.br/wp-content/uploads/2023/01/3-gdm-07012023-_RN_3050-682x1024.jpg 682w, https://acampamentoarraial.com.br/wp-content/uploads/2023/01/3-gdm-07012023-_RN_3050-200x300.jpg 200w, https://acampamentoarraial.com.br/wp-content/uploads/2023/01/3-gdm-07012023-_RN_3050-768x1152.jpg 768w, https://acampamentoarraial.com.br/wp-content/uploads/2023/01/3-gdm-07012023-_RN_3050-1024x1536.jpg 1024w, https://acampamentoarraial.com.br/wp-content/uploads/2023/01/3-gdm-07012023-_RN_3050.jpg 1333w" sizes="(max-width: 682px) 100vw, 682px" /><figcaption class="wp-element-caption">Todo mundo joga</figcaption></figure>
</div>



<div class="wp-block-column is-layout-flow wp-block-column-is-layout-flow">
<figure class="wp-block-image size-large"><img loading="lazy" decoding="async" width="1024" height="682" src="http://acampamentoarraial.com.br/wp-content/uploads/2023/01/2-campismo-04012023-_MG_8310-1024x682.jpg" alt="" class="wp-image-50" srcset="https://acampamentoarraial.com.br/wp-content/uploads/2023/01/2-campismo-04012023-_MG_8310-1024x682.jpg 1024w, https://acampamentoarraial.com.br/wp-content/uploads/2023/01/2-campismo-04012023-_MG_8310-300x200.jpg 300w, https://acampamentoarraial.com.br/wp-content/uploads/2023/01/2-campismo-04012023-_MG_8310-768x512.jpg 768w, https://acampamentoarraial.com.br/wp-content/uploads/2023/01/2-campismo-04012023-_MG_8310-1536x1024.jpg 1536w, https://acampamentoarraial.com.br/wp-content/uploads/2023/01/2-campismo-04012023-_MG_8310.jpg 2000w" sizes="(max-width: 1024px) 100vw, 1024px" /><figcaption class="wp-element-caption">Histórias, lembranças é uma coleção de fotos da temporada que contam a história dos acampantes vivendo o Arraial.</figcaption></figure>



<figure class="wp-block-image size-large"><img loading="lazy" decoding="async" width="1024" height="683" src="https://acampamentoarraial.com.br/wp-content/uploads/2023/01/G1-30X20-34COPIAS-1024x683.jpg" alt="" class="wp-image-51" srcset="https://acampamentoarraial.com.br/wp-content/uploads/2023/01/G1-30X20-34COPIAS-1024x683.jpg 1024w, https://acampamentoarraial.com.br/wp-content/uploads/2023/01/G1-30X20-34COPIAS-300x200.jpg 300w, https://acampamentoarraial.com.br/wp-content/uploads/2023/01/G1-30X20-34COPIAS-768x512.jpg 768w, https://acampamentoarraial.com.br/wp-content/uploads/2023/01/G1-30X20-34COPIAS-1536x1024.jpg 1536w, https://acampamentoarraial.com.br/wp-content/uploads/2023/01/G1-30X20-34COPIAS-2048x1365.jpg 2048w" sizes="(max-width: 1024px) 100vw, 1024px" /><figcaption class="wp-element-caption">Somos todos crianças é a foto final, impressa em papel fotográfico para levar de lembrança da temporada, a criança e seu grupo. </figcaption></figure>
</div>
</div>



<p>Faça seu pedido no nosso whatsapp! Aqui mesmo nesta página tem um botãozinho amarelo com o texto &#8220;manda um zap&#8221;, que vai direto para um chat com a gente. Assim que possível, retornaremos!</p>

<p>Cabruca Criadores de historias visuais e entusiastas da fotografia espontânea, pensando formas de plantar e colher sempre novas ideias. A Cabruca é uma equipe que se formou aqui no Arraial há 7 anos e entende que o trabalho no acampamento é sobre eternizar memórias da infância de uma forma lúdica e sensível. Queremos ver a &hellip;</p>
<p class="read-more"> <a class="" href="https://acampamentoarraial.com.br/index.php/a-comunicacao-do-arraial-e-arte-da-cabruca/"> <span class="screen-reader-text">A Comunicação do Arraial é arte da Cabruca</span> Leia mais &raquo;</a></p>
