{"id":3894,"date":"2023-02-03T00:15:28","date_gmt":"2023-02-03T00:15:28","guid":{"rendered":"https:\/\/acampamentoarraial.com.br\/?page_id=3894"},"modified":"2023-02-03T00:15:30","modified_gmt":"2023-02-03T00:15:30","slug":"vendas-da-temporada-mdl-janeiro-2023","status":"publish","type":"page","link":"https:\/\/acampamentoarraial.com.br\/index.php\/vendas-da-temporada-mdl-janeiro-2023\/","title":{"rendered":"Vendas da Temporada MDL, Janeiro 2023"},"content":{"rendered":"\n<p>Neste ano de 2023 estamos com produtos novos na Comunica\u00e7\u00e3o. Conhe\u00e7a a nossa linha de Mem\u00f3rias do Arraial.<\/p>\n\n\n\n<div class=\"wp-block-buttons alignwide is-content-justification-center is-layout-flex wp-container-1 wp-block-buttons-is-layout-flex\">\n<div class=\"wp-block-button\"><a class=\"wp-block-button__link wp-element-button\" href=\"https:\/\/forms.gle\/cfCUgjoCava59cS49\" target=\"_blank\" rel=\"noreferrer noopener\">Fa\u00e7a seu pedido!<\/a><\/div>\n<\/div>\n\n\n\n<h3 class=\"wp-block-heading\"><strong>Mem\u00f3rias do Arraial<\/strong><\/h3>\n\n\n\n<p>O Arraial \u00e9 um lugar que preserva a inf\u00e2ncia e suas mem\u00f3rias. A nossa Linha de Mem\u00f3rias tem o objetivo de contar a hist\u00f3ria de aventuras das crian\u00e7as, que vivem uma experi\u00eancia \u00fanica de ser acampante aqui no Arraial. Sabemos que o tempo passa r\u00e1pido e, num instante, as crian\u00e7as pequenas se tornam grandes, ciclos se abrem e se fecham num piscar de olhos! Por isso que n\u00f3s da Cabruca queremos trazer para voc\u00eas alguns dos momentos incr\u00edveis que buscamos eternizar com nossos cliques.<\/p>\n\n\n\n<hr class=\"wp-block-separator has-alpha-channel-opacity\"\/>\n\n\n\n<h4 class=\"wp-block-heading\">Caminho do Acampante<\/h4>\n\n\n\n<p>Produtos personalizados para cada acampante com mem\u00f3rias dessa temporada que podem ser adquiridos em 3 modalidades diferentes. Sendo eles:<\/p>\n\n\n\n<ul>\n<li><strong>Fotografia&nbsp;<em>Fine Art<\/em>&nbsp;impressa com moldura<\/strong><\/li>\n\n\n\n<li><strong>Caixinha com fotos<\/strong><\/li>\n\n\n\n<li><strong>\u00c1lbum.<\/strong><\/li>\n<\/ul>\n\n\n\n<p>O PRAZO DE ENTREGA \u00c9 DE AT\u00c9 30 DIAS AP\u00d3S O PEDIDO<\/p>\n\n\n\n<div class=\"inherit-container-width wp-block-group is-layout-constrained wp-block-group-is-layout-constrained\">\n<div class=\"wp-block-media-text alignwide is-stacked-on-mobile\"><figure class=\"wp-block-media-text__media\"><img decoding=\"async\" width=\"150\" height=\"150\" src=\"https:\/\/acampamentoarraial.com.br\/wp-content\/uploads\/2023\/02\/Obras_BobEsponja_Mockup-fine-art-150x150.jpeg\" alt=\"\" class=\"wp-image-3895 size-thumbnail\"\/><\/figure><div class=\"wp-block-media-text__content\">\n<p>QUADRO FINE ART COM MOLDURA&nbsp;(20X30cm)<\/p>\n\n\n\n<p>Fotografia impressa em alta qualidade&nbsp;com papel&nbsp;<em>Fine Art<\/em>&nbsp;de Algod\u00e3o 310g&nbsp;em&nbsp;moldura de madeira, no tamanho 20x30cm. *Imagem ilustrativa<\/p>\n<\/div><\/div>\n\n\n\n<div class=\"wp-block-media-text alignwide is-stacked-on-mobile\"><figure class=\"wp-block-media-text__media\"><img decoding=\"async\" width=\"150\" height=\"150\" src=\"https:\/\/acampamentoarraial.com.br\/wp-content\/uploads\/2023\/02\/2-caixinha-10012023-_RN_8555-150x150.jpeg\" alt=\"\" class=\"wp-image-3896 size-thumbnail\"\/><\/figure><div class=\"wp-block-media-text__content\">\n<p>CAIXINHA DE FOTOS&nbsp;<\/p>\n\n\n\n<p>Caixa com uma sele\u00e7\u00e3o especial m\u00ednima de 15 fotos impressas em alta qualidade com papel&nbsp;<em>Fine Art<\/em>&nbsp;de Algod\u00e3o 310g de cada acampante.<\/p>\n<\/div><\/div>\n\n\n\n<div class=\"wp-block-media-text alignwide is-stacked-on-mobile\"><figure class=\"wp-block-media-text__media\"><img fetchpriority=\"high\" decoding=\"async\" width=\"639\" height=\"523\" src=\"http:\/\/acampamentoarraial.com.br\/wp-content\/uploads\/2023\/02\/Album-de-fotos.png\" alt=\"\" class=\"wp-image-3897 size-full\" srcset=\"https:\/\/acampamentoarraial.com.br\/wp-content\/uploads\/2023\/02\/Album-de-fotos.png 639w, https:\/\/acampamentoarraial.com.br\/wp-content\/uploads\/2023\/02\/Album-de-fotos-300x246.png 300w\" sizes=\"(max-width: 639px) 100vw, 639px\" \/><\/figure><div class=\"wp-block-media-text__content\">\n<p>\u00c1LBUNS DE FOTOS<\/p>\n\n\n\n<p>Caixa com uma sele\u00e7\u00e3o especial m\u00ednima de 15 fotos impressas em alta qualidade de cada acampante.<\/p>\n<\/div><\/div>\n\n\n\n<p><\/p>\n\n\n\n<hr class=\"wp-block-separator has-alpha-channel-opacity\"\/>\n<\/div>\n\n\n\n<h4 class=\"wp-block-heading\"><strong>HIST\u00d3RIAS, LEMBRAN\u00c7AS<\/strong><\/h4>\n\n\n\n<figure class=\"wp-block-image aligncenter size-medium\"><img loading=\"lazy\" decoding=\"async\" width=\"300\" height=\"200\" src=\"https:\/\/acampamentoarraial.com.br\/wp-content\/uploads\/2023\/02\/2-campismo-04012023-_MG_8310-300x200.jpg\" alt=\"\" class=\"wp-image-3899\" srcset=\"https:\/\/acampamentoarraial.com.br\/wp-content\/uploads\/2023\/02\/2-campismo-04012023-_MG_8310-300x200.jpg 300w, https:\/\/acampamentoarraial.com.br\/wp-content\/uploads\/2023\/02\/2-campismo-04012023-_MG_8310-1024x682.jpg 1024w, https:\/\/acampamentoarraial.com.br\/wp-content\/uploads\/2023\/02\/2-campismo-04012023-_MG_8310-768x512.jpg 768w, https:\/\/acampamentoarraial.com.br\/wp-content\/uploads\/2023\/02\/2-campismo-04012023-_MG_8310-1536x1024.jpg 1536w, https:\/\/acampamentoarraial.com.br\/wp-content\/uploads\/2023\/02\/2-campismo-04012023-_MG_8310.jpg 2000w\" sizes=\"(max-width: 300px) 100vw, 300px\" \/><figcaption class=\"wp-element-caption\">O link cont\u00e9m fotos de todas as atividades do grupo de idade do seu filho, dividido por dia e jogo realizado.<\/figcaption><\/figure>\n\n\n\n<p>As fotos selecionadas para o link est\u00e3o em alta qualidade para redes sociais e cont\u00e9m as imagens que foram para o Blog, al\u00e9m de algumas extras, exclusivas para o link e outros produtos das mem\u00f3rias do Arraial.<\/p>\n\n\n\n<p>Ao sinalizar o interesse por esse produto e realizar o pagamento no \u00faltimo dia de acampamento, voc\u00ea receber\u00e1 no seu email e whatsapp o link de fotos do grupo ap\u00f3s um per\u00edodo de 15 dias.<\/p>\n\n\n\n<h4 class=\"wp-block-heading\"><strong>SOMOS TODOS CRIAN\u00c7AS<\/strong><\/h4>\n\n\n\n<figure class=\"wp-block-image aligncenter size-medium\"><img loading=\"lazy\" decoding=\"async\" width=\"300\" height=\"200\" src=\"https:\/\/acampamentoarraial.com.br\/wp-content\/uploads\/2023\/02\/G1-30X20-34COPIAS-300x200.jpg\" alt=\"\" class=\"wp-image-3900\" srcset=\"https:\/\/acampamentoarraial.com.br\/wp-content\/uploads\/2023\/02\/G1-30X20-34COPIAS-300x200.jpg 300w, https:\/\/acampamentoarraial.com.br\/wp-content\/uploads\/2023\/02\/G1-30X20-34COPIAS-1024x683.jpg 1024w, https:\/\/acampamentoarraial.com.br\/wp-content\/uploads\/2023\/02\/G1-30X20-34COPIAS-768x512.jpg 768w, https:\/\/acampamentoarraial.com.br\/wp-content\/uploads\/2023\/02\/G1-30X20-34COPIAS-1536x1024.jpg 1536w, https:\/\/acampamentoarraial.com.br\/wp-content\/uploads\/2023\/02\/G1-30X20-34COPIAS-2048x1365.jpg 2048w\" sizes=\"(max-width: 300px) 100vw, 300px\" \/><\/figure>\n\n\n\n<p>Foto impressa em papel fotogr\u00e1fico no tamanho 20&#215;30 para pronta entrega. <\/p>\n\n\n\n<p><\/p>\n\n\n\n<p>Para conhecer mais op\u00e7\u00f5es e escolher os produtos, acesse aqui o nosso forms.<\/p>\n\n\n\n<div class=\"wp-block-buttons alignwide is-content-justification-center is-layout-flex wp-container-3 wp-block-buttons-is-layout-flex\">\n<div class=\"wp-block-button\"><a class=\"wp-block-button__link wp-element-button\" href=\"https:\/\/forms.gle\/cfCUgjoCava59cS49\" target=\"_blank\" rel=\"noreferrer noopener\">Fa\u00e7a seu pedido!<\/a><\/div>\n<\/div>\n","protected":false},"excerpt":{"rendered":"<p>Neste ano de 2023 estamos com produtos novos na Comunica\u00e7\u00e3o. Conhe\u00e7a a nossa linha de Mem\u00f3rias do Arraial. Mem\u00f3rias do Arraial O Arraial \u00e9 um lugar que preserva a inf\u00e2ncia e suas mem\u00f3rias. A nossa Linha de Mem\u00f3rias tem o objetivo de contar a hist\u00f3ria de aventuras das crian\u00e7as, que vivem uma experi\u00eancia \u00fanica de &hellip;<\/p>\n<p class=\"read-more\"> <a class=\"\" href=\"https:\/\/acampamentoarraial.com.br\/index.php\/vendas-da-temporada-mdl-janeiro-2023\/\"> <span class=\"screen-reader-text\">Vendas da Temporada MDL, Janeiro 2023<\/span> Leia mais &raquo;<\/a><\/p>\n","protected":false},"author":2,"featured_media":3652,"parent":0,"menu_order":0,"comment_status":"closed","ping_status":"closed","template":"","meta":{"site-sidebar-layout":"default","site-content-layout":"default","ast-global-header-display":"","ast-main-header-display":"","ast-hfb-above-header-display":"","ast-hfb-below-header-display":"","ast-hfb-mobile-header-display":"","site-post-title":"","ast-breadcrumbs-content":"","ast-featured-img":"","footer-sml-layout":"","theme-transparent-header-meta":"","adv-header-id-meta":"","stick-header-meta":"","header-above-stick-meta":"","header-main-stick-meta":"","header-below-stick-meta":"","footnotes":""},"_links":{"self":[{"href":"https:\/\/acampamentoarraial.com.br\/index.php\/wp-json\/wp\/v2\/pages\/3894"}],"collection":[{"href":"https:\/\/acampamentoarraial.com.br\/index.php\/wp-json\/wp\/v2\/pages"}],"about":[{"href":"https:\/\/acampamentoarraial.com.br\/index.php\/wp-json\/wp\/v2\/types\/page"}],"author":[{"embeddable":true,"href":"https:\/\/acampamentoarraial.com.br\/index.php\/wp-json\/wp\/v2\/users\/2"}],"replies":[{"embeddable":true,"href":"https:\/\/acampamentoarraial.com.br\/index.php\/wp-json\/wp\/v2\/comments?post=3894"}],"version-history":[{"count":2,"href":"https:\/\/acampamentoarraial.com.br\/index.php\/wp-json\/wp\/v2\/pages\/3894\/revisions"}],"predecessor-version":[{"id":3903,"href":"https:\/\/acampamentoarraial.com.br\/index.php\/wp-json\/wp\/v2\/pages\/3894\/revisions\/3903"}],"wp:featuredmedia":[{"embeddable":true,"href":"https:\/\/acampamentoarraial.com.br\/index.php\/wp-json\/wp\/v2\/media\/3652"}],"wp:attachment":[{"href":"https:\/\/acampamentoarraial.com.br\/index.php\/wp-json\/wp\/v2\/media?parent=3894"}],"curies":[{"name":"wp","href":"https:\/\/api.w.org\/{rel}","templated":true}]}}

<p>Neste ano de 2023 estamos com produtos novos na Comunicação. Conheça a nossa linha de Memórias do Arraial.</p>



<div class="wp-block-buttons alignwide is-content-justification-center is-layout-flex wp-container-1 wp-block-buttons-is-layout-flex">
<div class="wp-block-button"><a class="wp-block-button__link wp-element-button" href="https://forms.gle/cfCUgjoCava59cS49" target="_blank" rel="noreferrer noopener">Faça seu pedido!</a></div>
</div>



<h3 class="wp-block-heading"><strong>Memórias do Arraial</strong></h3>



<p>O Arraial é um lugar que preserva a infância e suas memórias. A nossa Linha de Memórias tem o objetivo de contar a história de aventuras das crianças, que vivem uma experiência única de ser acampante aqui no Arraial. Sabemos que o tempo passa rápido e, num instante, as crianças pequenas se tornam grandes, ciclos se abrem e se fecham num piscar de olhos! Por isso que nós da Cabruca queremos trazer para vocês alguns dos momentos incríveis que buscamos eternizar com nossos cliques.</p>



<hr class="wp-block-separator has-alpha-channel-opacity"/>



<h4 class="wp-block-heading">Caminho do Acampante</h4>



<p>Produtos personalizados para cada acampante com memórias dessa temporada que podem ser adquiridos em 3 modalidades diferentes. Sendo eles:</p>



<ul>
<li><strong>Fotografia&nbsp;<em>Fine Art</em>&nbsp;impressa com moldura</strong></li>



<li><strong>Caixinha com fotos</strong></li>



<li><strong>Álbum.</strong></li>
</ul>



<p>O PRAZO DE ENTREGA É DE ATÉ 30 DIAS APÓS O PEDIDO</p>



<div class="inherit-container-width wp-block-group is-layout-constrained wp-block-group-is-layout-constrained">
<div class="wp-block-media-text alignwide is-stacked-on-mobile"><figure class="wp-block-media-text__media"><img decoding="async" width="150" height="150" src="https://acampamentoarraial.com.br/wp-content/uploads/2023/02/Obras_BobEsponja_Mockup-fine-art-150x150.jpeg" alt="" class="wp-image-3895 size-thumbnail"/></figure><div class="wp-block-media-text__content">
<p>QUADRO FINE ART COM MOLDURA&nbsp;(20X30cm)</p>



<p>Fotografia impressa em alta qualidade&nbsp;com papel&nbsp;<em>Fine Art</em>&nbsp;de Algodão 310g&nbsp;em&nbsp;moldura de madeira, no tamanho 20x30cm. *Imagem ilustrativa</p>
</div></div>



<div class="wp-block-media-text alignwide is-stacked-on-mobile"><figure class="wp-block-media-text__media"><img decoding="async" width="150" height="150" src="https://acampamentoarraial.com.br/wp-content/uploads/2023/02/2-caixinha-10012023-_RN_8555-150x150.jpeg" alt="" class="wp-image-3896 size-thumbnail"/></figure><div class="wp-block-media-text__content">
<p>CAIXINHA DE FOTOS&nbsp;</p>



<p>Caixa com uma seleção especial mínima de 15 fotos impressas em alta qualidade com papel&nbsp;<em>Fine Art</em>&nbsp;de Algodão 310g de cada acampante.</p>
</div></div>



<div class="wp-block-media-text alignwide is-stacked-on-mobile"><figure class="wp-block-media-text__media"><img fetchpriority="high" decoding="async" width="639" height="523" src="http://acampamentoarraial.com.br/wp-content/uploads/2023/02/Album-de-fotos.png" alt="" class="wp-image-3897 size-full" srcset="https://acampamentoarraial.com.br/wp-content/uploads/2023/02/Album-de-fotos.png 639w, https://acampamentoarraial.com.br/wp-content/uploads/2023/02/Album-de-fotos-300x246.png 300w" sizes="(max-width: 639px) 100vw, 639px" /></figure><div class="wp-block-media-text__content">
<p>ÁLBUNS DE FOTOS</p>



<p>Caixa com uma seleção especial mínima de 15 fotos impressas em alta qualidade de cada acampante.</p>
</div></div>



<p></p>



<hr class="wp-block-separator has-alpha-channel-opacity"/>
</div>



<h4 class="wp-block-heading"><strong>HISTÓRIAS, LEMBRANÇAS</strong></h4>



<figure class="wp-block-image aligncenter size-medium"><img loading="lazy" decoding="async" width="300" height="200" src="https://acampamentoarraial.com.br/wp-content/uploads/2023/02/2-campismo-04012023-_MG_8310-300x200.jpg" alt="" class="wp-image-3899" srcset="https://acampamentoarraial.com.br/wp-content/uploads/2023/02/2-campismo-04012023-_MG_8310-300x200.jpg 300w, https://acampamentoarraial.com.br/wp-content/uploads/2023/02/2-campismo-04012023-_MG_8310-1024x682.jpg 1024w, https://acampamentoarraial.com.br/wp-content/uploads/2023/02/2-campismo-04012023-_MG_8310-768x512.jpg 768w, https://acampamentoarraial.com.br/wp-content/uploads/2023/02/2-campismo-04012023-_MG_8310-1536x1024.jpg 1536w, https://acampamentoarraial.com.br/wp-content/uploads/2023/02/2-campismo-04012023-_MG_8310.jpg 2000w" sizes="(max-width: 300px) 100vw, 300px" /><figcaption class="wp-element-caption">O link contém fotos de todas as atividades do grupo de idade do seu filho, dividido por dia e jogo realizado.</figcaption></figure>



<p>As fotos selecionadas para o link estão em alta qualidade para redes sociais e contém as imagens que foram para o Blog, além de algumas extras, exclusivas para o link e outros produtos das memórias do Arraial.</p>



<p>Ao sinalizar o interesse por esse produto e realizar o pagamento no último dia de acampamento, você receberá no seu email e whatsapp o link de fotos do grupo após um período de 15 dias.</p>



<h4 class="wp-block-heading"><strong>SOMOS TODOS CRIANÇAS</strong></h4>



<figure class="wp-block-image aligncenter size-medium"><img loading="lazy" decoding="async" width="300" height="200" src="https://acampamentoarraial.com.br/wp-content/uploads/2023/02/G1-30X20-34COPIAS-300x200.jpg" alt="" class="wp-image-3900" srcset="https://acampamentoarraial.com.br/wp-content/uploads/2023/02/G1-30X20-34COPIAS-300x200.jpg 300w, https://acampamentoarraial.com.br/wp-content/uploads/2023/02/G1-30X20-34COPIAS-1024x683.jpg 1024w, https://acampamentoarraial.com.br/wp-content/uploads/2023/02/G1-30X20-34COPIAS-768x512.jpg 768w, https://acampamentoarraial.com.br/wp-content/uploads/2023/02/G1-30X20-34COPIAS-1536x1024.jpg 1536w, https://acampamentoarraial.com.br/wp-content/uploads/2023/02/G1-30X20-34COPIAS-2048x1365.jpg 2048w" sizes="(max-width: 300px) 100vw, 300px" /></figure>



<p>Foto impressa em papel fotográfico no tamanho 20&#215;30 para pronta entrega. </p>



<p></p>



<p>Para conhecer mais opções e escolher os produtos, acesse aqui o nosso forms.</p>



<div class="wp-block-buttons alignwide is-content-justification-center is-layout-flex wp-container-3 wp-block-buttons-is-layout-flex">
<div class="wp-block-button"><a class="wp-block-button__link wp-element-button" href="https://forms.gle/cfCUgjoCava59cS49" target="_blank" rel="noreferrer noopener">Faça seu pedido!</a></div>
</div>

<p>Neste ano de 2023 estamos com produtos novos na Comunicação. Conheça a nossa linha de Memórias do Arraial. Memórias do Arraial O Arraial é um lugar que preserva a infância e suas memórias. A nossa Linha de Memórias tem o objetivo de contar a história de aventuras das crianças, que vivem uma experiência única de &hellip;</p>
<p class="read-more"> <a class="" href="https://acampamentoarraial.com.br/index.php/vendas-da-temporada-mdl-janeiro-2023/"> <span class="screen-reader-text">Vendas da Temporada MDL, Janeiro 2023</span> Leia mais &raquo;</a></p>
