{"id":33003,"date":"2026-01-24T18:39:33","date_gmt":"2026-01-24T18:39:33","guid":{"rendered":"https:\/\/acampamentoarraial.com.br\/?page_id=33003"},"modified":"2026-01-24T18:39:34","modified_gmt":"2026-01-24T18:39:34","slug":"sobre-o-ultimo-dia","status":"publish","type":"page","link":"https:\/\/acampamentoarraial.com.br\/index.php\/sobre-o-ultimo-dia\/","title":{"rendered":"Sobre o \u00faltimo dia"},"content":{"rendered":"\n<p>Neste Domingo (25), a partir das 10h, os port\u00f5es do Arraial estar\u00e3o abertos. Serviremos um lanche para as fam\u00edlias e faremos nossa confraterniza\u00e7\u00e3o final, que deve durar at\u00e9 12h. Pais, irm\u00e3os, pets e todo o resto da fam\u00edlia s\u00e3o bem-vindos!<\/p>\n\n\n\n<figure class=\"wp-block-pullquote\"><blockquote><p>Hor\u00e1rio: entre 10h e 12h neste dia 25 de Janeiro.<\/p><\/blockquote><\/figure>\n\n\n\n<h3 class=\"wp-block-heading\">Venda de fotos<\/h3>\n\n\n\n<p>Durante todo o per\u00edodo da confraterniza\u00e7\u00e3o, teremos um stand da Comunica\u00e7\u00e3o para os papais, mam\u00e3es e respons\u00e1veis que queiram adquirir as fotografias da temporada dos filhotes! Desde o come\u00e7o da temporada viemos registrando momentos especiais das brincadeiras, intera\u00e7\u00f5es, sorrisos, e a viv\u00eancia no acampamento e estamos preparando um link com fotos para cada grupo de idade, o que incluir\u00e1 as atividades realizadas por eles e tamb\u00e9m de jogos grandes onde n\u00e3o h\u00e1 divis\u00e3o por grupos e s\u00e3o momentos vividos por todos os acampantes. Teremos dispon\u00edveis tamb\u00e9m fotos impressas do grupo. Estes dois produtos, <strong>foto impressa<\/strong> e <strong>link<\/strong> podem ser adquiridos no nosso stand.<\/p>\n\n\n\n<figure class=\"wp-block-image size-full\"><img fetchpriority=\"high\" decoding=\"async\" width=\"720\" height=\"480\" src=\"http:\/\/acampamentoarraial.com.br\/wp-content\/uploads\/2026\/01\/1_IMG_6072_2026-01-17_Saida-para-Campismo.jpg\" alt=\"\" class=\"wp-image-25793\" srcset=\"https:\/\/acampamentoarraial.com.br\/wp-content\/uploads\/2026\/01\/1_IMG_6072_2026-01-17_Saida-para-Campismo.jpg 720w, https:\/\/acampamentoarraial.com.br\/wp-content\/uploads\/2026\/01\/1_IMG_6072_2026-01-17_Saida-para-Campismo-300x200.jpg 300w\" sizes=\"(max-width: 720px) 100vw, 720px\" \/><\/figure>\n\n\n\n<h3 class=\"wp-block-heading\">Avisos importantes<\/h3>\n\n\n\n<ul>\n<li>As necessaires de medicamentos e de higiene pessoal seguir\u00e3o dentro da mala. <\/li>\n\n\n\n<li>Teremos um &#8220;achados e perdidos&#8221; que deve ser checado antes de irem embora!<\/li>\n<\/ul>\n\n\n\n<p>A Equipe Arraial e seus filhotes esperam ansiosamente pela sua chegada!<\/p>\n\n\n\n<p>Abra\u00e7os Arraialescos! \u2764\ufe0f<\/p>\n","protected":false},"excerpt":{"rendered":"<p>Neste Domingo (25), a partir das 10h, os port\u00f5es do Arraial estar\u00e3o abertos. Serviremos um lanche para as fam\u00edlias e faremos nossa confraterniza\u00e7\u00e3o final, que deve durar at\u00e9 12h. Pais, irm\u00e3os, pets e todo o resto da fam\u00edlia s\u00e3o bem-vindos! Hor\u00e1rio: entre 10h e 12h neste dia 25 de Janeiro. Venda de fotos Durante todo &hellip;<\/p>\n<p class=\"read-more\"> <a class=\"\" href=\"https:\/\/acampamentoarraial.com.br\/index.php\/sobre-o-ultimo-dia\/\"> <span class=\"screen-reader-text\">Sobre o \u00faltimo dia<\/span> Leia mais &raquo;<\/a><\/p>\n","protected":false},"author":2,"featured_media":0,"parent":0,"menu_order":0,"comment_status":"closed","ping_status":"closed","template":"","meta":{"site-sidebar-layout":"default","site-content-layout":"default","ast-global-header-display":"","ast-main-header-display":"","ast-hfb-above-header-display":"","ast-hfb-below-header-display":"","ast-hfb-mobile-header-display":"","site-post-title":"","ast-breadcrumbs-content":"","ast-featured-img":"","footer-sml-layout":"","theme-transparent-header-meta":"","adv-header-id-meta":"","stick-header-meta":"","header-above-stick-meta":"","header-main-stick-meta":"","header-below-stick-meta":"","footnotes":""},"_links":{"self":[{"href":"https:\/\/acampamentoarraial.com.br\/index.php\/wp-json\/wp\/v2\/pages\/33003"}],"collection":[{"href":"https:\/\/acampamentoarraial.com.br\/index.php\/wp-json\/wp\/v2\/pages"}],"about":[{"href":"https:\/\/acampamentoarraial.com.br\/index.php\/wp-json\/wp\/v2\/types\/page"}],"author":[{"embeddable":true,"href":"https:\/\/acampamentoarraial.com.br\/index.php\/wp-json\/wp\/v2\/users\/2"}],"replies":[{"embeddable":true,"href":"https:\/\/acampamentoarraial.com.br\/index.php\/wp-json\/wp\/v2\/comments?post=33003"}],"version-history":[{"count":1,"href":"https:\/\/acampamentoarraial.com.br\/index.php\/wp-json\/wp\/v2\/pages\/33003\/revisions"}],"predecessor-version":[{"id":33004,"href":"https:\/\/acampamentoarraial.com.br\/index.php\/wp-json\/wp\/v2\/pages\/33003\/revisions\/33004"}],"wp:attachment":[{"href":"https:\/\/acampamentoarraial.com.br\/index.php\/wp-json\/wp\/v2\/media?parent=33003"}],"curies":[{"name":"wp","href":"https:\/\/api.w.org\/{rel}","templated":true}]}}

Sobre o último dia

<p>Neste Domingo (25), a partir das 10h, os portões do Arraial estarão abertos. Serviremos um lanche para as famílias e faremos nossa confraternização final, que deve durar até 12h. Pais, irmãos, pets e todo o resto da família são bem-vindos!</p>



<figure class="wp-block-pullquote"><blockquote><p>Horário: entre 10h e 12h neste dia 25 de Janeiro.</p></blockquote></figure>



<h3 class="wp-block-heading">Venda de fotos</h3>



<p>Durante todo o período da confraternização, teremos um stand da Comunicação para os papais, mamães e responsáveis que queiram adquirir as fotografias da temporada dos filhotes! Desde o começo da temporada viemos registrando momentos especiais das brincadeiras, interações, sorrisos, e a vivência no acampamento e estamos preparando um link com fotos para cada grupo de idade, o que incluirá as atividades realizadas por eles e também de jogos grandes onde não há divisão por grupos e são momentos vividos por todos os acampantes. Teremos disponíveis também fotos impressas do grupo. Estes dois produtos, <strong>foto impressa</strong> e <strong>link</strong> podem ser adquiridos no nosso stand.</p>



<figure class="wp-block-image size-full"><img fetchpriority="high" decoding="async" width="720" height="480" src="http://acampamentoarraial.com.br/wp-content/uploads/2026/01/1_IMG_6072_2026-01-17_Saida-para-Campismo.jpg" alt="" class="wp-image-25793" srcset="https://acampamentoarraial.com.br/wp-content/uploads/2026/01/1_IMG_6072_2026-01-17_Saida-para-Campismo.jpg 720w, https://acampamentoarraial.com.br/wp-content/uploads/2026/01/1_IMG_6072_2026-01-17_Saida-para-Campismo-300x200.jpg 300w" sizes="(max-width: 720px) 100vw, 720px" /></figure>



<h3 class="wp-block-heading">Avisos importantes</h3>



<ul>
<li>As necessaires de medicamentos e de higiene pessoal seguirão dentro da mala. </li>



<li>Teremos um &#8220;achados e perdidos&#8221; que deve ser checado antes de irem embora!</li>
</ul>



<p>A Equipe Arraial e seus filhotes esperam ansiosamente pela sua chegada!</p>



<p>Abraços Arraialescos! ❤️</p>

<p>Neste Domingo (25), a partir das 10h, os portões do Arraial estarão abertos. Serviremos um lanche para as famílias e faremos nossa confraternização final, que deve durar até 12h. Pais, irmãos, pets e todo o resto da família são bem-vindos! Horário: entre 10h e 12h neste dia 25 de Janeiro. Venda de fotos Durante todo &hellip;</p>
<p class="read-more"> <a class="" href="https://acampamentoarraial.com.br/index.php/sobre-o-ultimo-dia/"> <span class="screen-reader-text">Sobre o último dia</span> Leia mais &raquo;</a></p>
