{"id":25806,"date":"2026-01-17T15:34:04","date_gmt":"2026-01-17T15:34:04","guid":{"rendered":"https:\/\/acampamentoarraial.com.br\/?page_id=25806"},"modified":"2026-01-17T15:34:22","modified_gmt":"2026-01-17T15:34:22","slug":"lista-de-acampantes","status":"publish","type":"page","link":"https:\/\/acampamentoarraial.com.br\/index.php\/lista-de-acampantes\/","title":{"rendered":"Lista de Acampantes da Temporada"},"content":{"rendered":"\n<h2 class=\"wp-block-heading\">Carcar\u00e1<\/h2>\n\n\n\n<h5 class=\"wp-block-heading\">ENFERMEIRA: CLARA PASSOS<\/h5>\n\n\n\n<h5 class=\"wp-block-heading\">MONITORES: JHONNY, JOAQUIM, GABI E CAROL ARA\u00daJO<\/h5>\n\n\n\n<h5 class=\"wp-block-heading\">FOT\u00d3GRAFO: DIEGO<\/h5>\n\n\n\n<h5 class=\"wp-block-heading\">COORDENADOR: GORDO NETO<\/h5>\n\n\n\n<p><\/p>\n\n\n\n<h3 class=\"wp-block-heading\">G1- Carcar\u00e1 MENINAS<\/h3>\n\n\n\n<p>ALICE CAMARDELLI COSTA<br>ANA SOFIA SANTANA CAVALCANTE DE SOUZA<br>BIA VILLA NOVAIS DIAS<br>ELIS PEDREIRA DE CERQUEIRA LANDIN<br>GABRIELA ROCHA MARQUES<br>GIOVANNA BACELLAR BERENGUER DE MATTOS<br>GIULLIA BACELLAR BERENGUER DE MATTOS<br>JULIA BRANDAO MOL<br>JULIA COSTA BELMONTE<br>JULIA GOULART ANTUNES<br>LARA WANDERLEY GOUVEIA<br>LAURA BRITO MAIA BRAGA<br>LUISA ROSSI LAMARTINE<br>MARIA CLARA SILVA DE CARVALHO FARIAS<br>MARIA GABRIELA LEAL MORBECK<br>MARIA LORENZO AMOEDO FREIRE<br>MARIA MOTTIN FARSONI<br>MARINA CAVALCANTE DROUILLARD<br>MEL FERRARI RANGEL<br>SOPHIA BRITO SALES<br>SOPHIA ISABELLE ALMEIDA PELLEGRINO<br>SOPHIA RIBEIRO MASCARENHAS<br>TAIS WANDERLEY KERTZMAN<br>VICTORIA PINHEIRO REGIS<\/p>\n\n\n\n<h3 class=\"wp-block-heading\">G1- Carcar\u00e1 MENINOS<\/h3>\n\n\n\n<p>ANTONIO MURICY REIS<br>BEN EMANUEL CONCEICAO GOUVEIA<br>BERNARDO MOURA PIRES<br>BERNARDO ROCHA LESSA<br>DANIEL ANDRADE LEAL<br>EDUARDO ALVES BACELAR<br>EDUARDO VIEIRA CABRAL<br>FELIPE OLIVEIRA LACERDA<br>FERNANDO GALV\u00c3O BARROSO<br>GABRIEL CARVALHO VEIGA PEIXOTO<br>GUSTAVO LOPES OLLERO<br>HEITOR TAVARES AGUIAR<br>JO\u00c3O HENRIQUE TORRES MASCARENHAS<br>JOAO PAULO BOTELHO SOARES<br>JOAQUIM PALMA SANTANA<br>JOSE BLUMETTI MOTA<br>LEONARDO SEABRA LIMA DORIA<br>LUCCA TEIXEIRA LEITE DE SOUZA<br>LUIZ FRANCA GONCALVES ROSA<br>MATEUS MARISCHEN LEAL<br>RAFAEL SANTIAGO COSTA<br>TIAGO NORONHA MERLINI<\/p>\n\n\n\n<hr class=\"wp-block-separator has-alpha-channel-opacity\"\/>\n\n\n\n<h2 class=\"wp-block-heading\">Araponga<\/h2>\n\n\n\n<h5 class=\"wp-block-heading\">ENFERMEIRA: CLARA PASSOS<\/h5>\n\n\n\n<h5 class=\"wp-block-heading\">MONITORES: DIB, OCEANO, BIANCA E AYLA<\/h5>\n\n\n\n<h5 class=\"wp-block-heading\">FOT\u00d3GRAFO: LUA<\/h5>\n\n\n\n<h5 class=\"wp-block-heading\">COORDENADOR: JULIA BECKER E JULIA ARGUELO<\/h5>\n\n\n\n<h3 class=\"wp-block-heading\">G2 &#8211; Araponga MENINAS<\/h3>\n\n\n\n<p>ALICE BRITO DE QUEIROZ RIBEIRO<br>AMANDA ARAUJO MURTA<br>ANA CLARA BERNO MENDES SANTOS<br>BEATRIZ BASTOS SANTANA FURTADO<br>BEATRIZ FORMOSINHO BELLAK<br>BEATRIZ MORAES AZEVEDO<br>CLARA MENDES JUNQUEIRA AYRES<br>GABRIELA LANDIM GARRIDO<br>HELENA VAZQUEZ MARTINI<br>HELOISA SA OLIVEIRA MARON<br>JULIA VIANA MARQUES MEDRADO<br>LARISSA LIMOEIRO CARVALHO MACEDO<br>LAURA SOUZA CERQUEIRA<br>LAV\u00cdNIA DE S\u00c1 VELOSO DE OLIVEIRA<br>LUISA PAES VIEIRA VENTURA<br>MARIA CLARA DIANA DE SA RIBEIRO<br>MARIA CLARA FRAGA DE ALENCAR<br>MARIA FERNANDA BACELAR PEDREIRA DE CERQUEIRA<br>MARIA FERNANDA CARNEIRO SNOECK<br>MARIANA ARA\u00daJO ANDRADE COSTA<br>MARILIA TEIXEIRA MESSEDER<br>RAFAELA GUIMARAES BENDEROTH<br>RAFAELA PEREZ REZENDE<br>SILVIA VIEIRA DE MELO SUAREZ SOLIS<\/p>\n\n\n\n<h3 class=\"wp-block-heading\">G2 &#8211; Araponga MENINOS<\/h3>\n\n\n\n<p>ALEXANDRE SANTANA PACHECO<br>ARTHUR LEITE BARRETO DE OLIVEIRA<br>ARTHUR SILVA DA COSTA VALENTE<br>BENTO DE BRITO OLIVEIRA VIANA<br>CAIO PEREIRA KLEINUBING<br>GABRIEL VAZQUEZ MARTINI<br>GUILHERME LANDIM GARRIDO<br>GUILHERME MINARI VAZ<br>GUSTAVO BAHIA FERREIRA DOS SANTOS<br>HENRIQUE MORAES SENTO-S\u00c9 REIS SILVA<br>JOAO MARCELO BRITO DE SANTANA<br>LUCAS BITTENCOURT RICALDONI<br>LUCAS CUNHA LOBO<br>LUIS FELIPE VILLAS BOAS SARMENTO<br>MATEUS DEMOLINER HARDT<br>MATHEUS MALINCONICO FAINSTEIN<br>MATHEUS SILVEIRA BARRETO SOUZA<br>MIGUEL DIAS<br>MIGUEL NORONHA MERLINI<br>PEDRO EIRADO ROSA PIANTINO<br>THEO TALMA MIRANDA COSTA OLIVEIRA<br>VITOR PINHO PASSOS<br>YCARO HUGO FEiTOSA SOLEDADE<\/p>\n\n\n\n<hr class=\"wp-block-separator has-alpha-channel-opacity\"\/>\n\n\n\n<h2 class=\"wp-block-heading\">Bacurau<\/h2>\n\n\n\n<h5 class=\"wp-block-heading\">ENFERMEIRA: HEL\u00d4<\/h5>\n\n\n\n<h5 class=\"wp-block-heading\">MONITORES: SANTORO, JAU, FLORA, LUISE E SARAH<\/h5>\n\n\n\n<h5 class=\"wp-block-heading\">FOT\u00d3GRAFO: SOFIA<\/h5>\n\n\n\n<h5 class=\"wp-block-heading\">COORDENADOR: ANDR\u00c9A<\/h5>\n\n\n\n<h3 class=\"wp-block-heading\">G3 &#8211; Bacurau MENINAS<\/h3>\n\n\n\n<p>ALICE GUTMANN MELHOR<br>BEATRIZ ROCHA MARQUES<br>BELA DE QUEIROZ VIDAL LOPES<br>CEC\u00cdLIA COSTA CARINHANHA<br>CEC\u00cdLIA SAMPAIO QUARANTINI<br>GABRIELA SAMARTIN FERNANDES PASCHOAL<br>GIULIA ALMEIDA SCARDUA<br>ISABELA MACHADO PORTO<br>ISABELA OLIVEIRA VERDE RAMALHO<br>ISABELLA MULLER RAMOS<br>J\u00daLIA CALMON SANTOS MARQUES<br>JULIA GUIMARAES VITARI<br>LILA ADAMI BORJA RIBEIRO<br>LUIZA MADEIRA DAINESE DE CAMPOS<br>MAITE MAZUR DIAS LIMA<br>MARIA EDUARDA MENEZES ALMEIDA ANDRADE<br>MARIA GALPERIN COUTINHO<br>MARINA LORENS CESAR<br>MILA WANDERLEY GOUVEIA<br>NINA BONI LINS<br>RAFAELA GUERRA ATTINA<br>SOFIA CALMON GORDILHO TERRA<br>SOPHIA BRASILEIRO TERCEIRO<\/p>\n\n\n\n<h3 class=\"wp-block-heading\">G3 &#8211; Bacurau MENINOS<\/h3>\n\n\n\n<p>ALEXANDRE MUNIZ CAIRES<br>ARTHUR LANTYER ESQUIVEL CRUZ PIMENTA<br>CARLOS ALBERTO KRUSCHEWSKY BISNETO<br>DAVI VIEIRA FORTUNATO<br>EDUARDO PINHEIRO TEIXEIRA DE ALMEIDA ALVES<br>ENRICO PEPE FRANCO<br>FELIPE ALBAGLI BAHIA BORGES<br>FELIPE TEIXEIRA LEITE DE SOUZA<br>FREDERICO FREITAS FAI\u00c7AL FILHO<br>GABRIEL GOMES MAGALH\u00c3ES RIBEIRO<br>GUILLERMO RIBEIRO MASCARENHAS<br>HENRIQUE FERREIRA BRITO COSTA<br>JOAQUIM DE BRITO OLIVEIRA VIANA<br>JULIANO GALLERANI SANSAO<br>MATIAS GAEL VISNEVSKI TEIXEIRA<br>MIGUEL MORRIS MATOS<br>MIGUEL SANTOS RUETTIMANN LIBERATO<br>PEDRO LEONARDO R M SAMPAIO<br>RAFAEL BRITO PI\u00d1\u00d3N<br>RAFAEL DOURADO<br>RAFAEL FREITAS DUARTE<br>S\u00c9RGIO BERNARDES GON\u00c7ALVES FILHO<\/p>\n\n\n\n<hr class=\"wp-block-separator has-alpha-channel-opacity\"\/>\n\n\n\n<h2 class=\"wp-block-heading\">Sabi\u00e1<\/h2>\n\n\n\n<h5 class=\"wp-block-heading\">ENFERMEIRA: HEL\u00d4<\/h5>\n\n\n\n<h5 class=\"wp-block-heading\">MONITORES: MOYANO, GUI PAIX\u00c3O, TOM, BIA LINS E LAURA MACIEL<\/h5>\n\n\n\n<h5 class=\"wp-block-heading\">FOT\u00d3GRAFO: BRENDA<\/h5>\n\n\n\n<h5 class=\"wp-block-heading\">COORDENADOR: \u00cdRIS<\/h5>\n\n\n\n<h3 class=\"wp-block-heading\">G4 &#8211; Sabi\u00e1 MENINAS<\/h3>\n\n\n\n<p>ALICE CUNHA SANTOS<br>ALICE GUERRIERI BATISTA<br>CAROLINA DE AZEVEDO BANDEIRA<br>CLARA RAMALHO VICENTE<br>GABRIELA ALMEIDA VAZ PORTO<br>GIOVANA GOES SOARES DE MELO<br>ISABELA MONTEIRO BORGES<br>JULIA SANTIAGO COSTA<br>JULIA TUDE MELO GOMES<br>LAILA ALVES CANGUSSU<br>LETICIA JUNQUEIRA AYRES CUNHA<br>LUCIANA DE ARAUJO VENTURA<br>MALU MULLER TOSTA LIMA<br>MARIA BRITO PINON<br>MARIA CLARA ANDRADE MOURA<br>MARIA CLARA RAMOS SOUZA<br>MARIA EDUARDA WAGNER VALENTE<br>MARIA FERNANDA BURGOS FREITAS<br>NATALIA CALABRICH REZENDE<br>NINA DA SILVA CERQUEIRA<br>P\u00c9ROLA BRUNN COSTA<\/p>\n\n\n\n<h3 class=\"wp-block-heading\">G4 &#8211; Sabi\u00e1 MENINOS<\/h3>\n\n\n\n<p>ALEXANDRE MUNIZ BOMFIM<br>BERNARDO BONI LINS<br>BERNARDO BORBA CARNEIRO<br>BERNARDO GODINHO COSTA<br>CAUA MULLER RAMOS<br>DAVI REGIS CUNHA<br>DIEGO PINTO COELHO SAMPAIO DOS SANTOS<br>FELIPE EIRADO ROSA PIANTINO<br>GABRIEL BONI LINS<br>GUILHERME FERREIRA DE ALMEIDA LOPES<br>JOAO PEDREIRA BRITTO STORTI PERAZZO<br>LUCAS SILVA DE CARVALHO FARIAS<br>LUIZ OTAVIO BENEZ KRUSCHEWSKY<br>MAURICIO AMOEDO SCHENKELS<br>PEDRO DAVI TOSS NEVES<br>PEDRO SALES GILLATT<br>RAFAEL COELHO DE MORAES<br>RAFAEL DE CASTRO MARTINEZ<br>RUYBERG PEREIRA EU VALENCA SILVA<br>SERGIO SILVANY GARCIA<br>VICENTE MAZUR DIAS LIMA<br>VINICIUS CARVALHO SALES SOUZA<\/p>\n\n\n\n<hr class=\"wp-block-separator has-alpha-channel-opacity\"\/>\n\n\n\n<h2 class=\"wp-block-heading\">Tuiuiu<\/h2>\n\n\n\n<h5 class=\"wp-block-heading\">ENFERMEIRA: GI<\/h5>\n\n\n\n<h5 class=\"wp-block-heading\">MONITORES: DAVI PENNA, FERNANDO, CAROL, T\u00c1CILA E SOPHIA<\/h5>\n\n\n\n<h5 class=\"wp-block-heading\">FOT\u00d3GRAFO: SAMARA<\/h5>\n\n\n\n<h5 class=\"wp-block-heading\">COORDENADOR: CLARA<\/h5>\n\n\n\n<h3 class=\"wp-block-heading\">G5 &#8211; Tuiuiu MENINAS<\/h3>\n\n\n\n<p>ALICE CARAVINA COUTO TEDESCO NETTO<br>BIA MENDONCA GOMES<br>CAMILA LEITE REIS<br>FERNANDA CORREIA TOURINHO<br>FERNANDA MORAES GUSMAO<br>HELENA LADEIA SENA<br>JOANA CHAVES RAPOSO<br>JULIANA SAVASTANO PONTES<br>LARISSA NASCIMENTO DE OLIVA<br>LAURA MORAES GIBARA<br>MANUELA MELO LIMA QUADROS<br>MARCELA COSTA CARINHANHA<br>MARIA EDUARDA DE OLIVA DOURADO<br>MARIA EDUARDA PRESGRAVE DE AZEVEDO<br>MARIA TERESA FERNANDES SANTANA<br>MILA ALVES CANGUSS<br>SARAH JAQUEIRA ZIMMERMANN<br>SOFIA CALOMENO DA ROCHA CIRNE<\/p>\n\n\n\n<h3 class=\"wp-block-heading\">G5 &#8211; Tuiuiu MENINOS<\/h3>\n\n\n\n<p>CAIO DUARTE DE OLIVEIRA<br>DAVI DE CARVALHO GALAO<br>EDUARDO TORRES PARISH<br>GUILHERME DE MENDONCA FARIAS ARAUJO<br>HENRIQUE BURATTO DE ABREU<br>HENRIQUE CALABRICH REZENDE<br>HENRIQUE LINS FAI\u00c7AL<br>LEONARDO BAHIA FERREIRA DOS SANTOS<br>LUCA FEDERICO VIGNATI VISNEVSKI<br>PEDRO TSUNEMITSU SHIBASAKI<br>RODRIGO ARAUJO SA FILHO<\/p>\n\n\n\n<hr class=\"wp-block-separator has-alpha-channel-opacity\"\/>\n\n\n\n<h2 class=\"wp-block-heading\">Curi\u00f3<\/h2>\n\n\n\n<h5 class=\"wp-block-heading\">ENFERMEIRA: GI<\/h5>\n\n\n\n<h5 class=\"wp-block-heading\">MONITORES: GUI FONTES, VINI, MARIA FERNANDA E LAURA COSTA<\/h5>\n\n\n\n<h5 class=\"wp-block-heading\">FOT\u00d3GRAFO: CEC\u00cdLIA<\/h5>\n\n\n\n<h5 class=\"wp-block-heading\">COORDENADOR: CLARA<\/h5>\n\n\n\n<h3 class=\"wp-block-heading\">G6 &#8211; Curi\u00f3 MENINAS<\/h3>\n\n\n\n<p>CLARA HORNE BADDINI<br>FERNANDA TORRES PARISH<br>JULIA GOES SOARES DE MEL<br>MARCELA REGIS CUNHA<br>MARIA AMELIA MURICY REIS<br>MARIA LUISA ABUD GESTEIRA<\/p>\n\n\n\n<h3 class=\"wp-block-heading\">G6 &#8211; Curi\u00f3 MENINOS<\/h3>\n\n\n\n<p>BENICIO SALES GILLATT<br>BERNARDO DUARTE DE OLIVEIRA<br>GUILHERME SAVASTANO DE REZENDE<br>IMHOTEP CASTRO ARA\u00daJO<br>MANOEL HENRIQUE REGIS SOUZA VIEIRA<br>NOAH SAMPAIO RODRIGUEZ<br>PEDRO SAVASTANO DE REZENDE<\/p>\n","protected":false},"excerpt":{"rendered":"<p>Carcar\u00e1 ENFERMEIRA: CLARA PASSOS MONITORES: JHONNY, JOAQUIM, GABI E CAROL ARA\u00daJO FOT\u00d3GRAFO: DIEGO COORDENADOR: GORDO NETO G1- Carcar\u00e1 MENINAS ALICE CAMARDELLI COSTAANA SOFIA SANTANA CAVALCANTE DE SOUZABIA VILLA NOVAIS DIASELIS PEDREIRA DE CERQUEIRA LANDINGABRIELA ROCHA MARQUESGIOVANNA BACELLAR BERENGUER DE MATTOSGIULLIA BACELLAR BERENGUER DE MATTOSJULIA BRANDAO MOLJULIA COSTA BELMONTEJULIA GOULART ANTUNESLARA WANDERLEY GOUVEIALAURA BRITO MAIA BRAGALUISA &hellip;<\/p>\n<p class=\"read-more\"> <a class=\"\" href=\"https:\/\/acampamentoarraial.com.br\/index.php\/lista-de-acampantes\/\"> <span class=\"screen-reader-text\">Lista de Acampantes da Temporada<\/span> Leia mais &raquo;<\/a><\/p>\n","protected":false},"author":2,"featured_media":0,"parent":0,"menu_order":0,"comment_status":"closed","ping_status":"closed","template":"","meta":{"site-sidebar-layout":"default","site-content-layout":"default","ast-global-header-display":"","ast-main-header-display":"","ast-hfb-above-header-display":"","ast-hfb-below-header-display":"","ast-hfb-mobile-header-display":"","site-post-title":"","ast-breadcrumbs-content":"","ast-featured-img":"","footer-sml-layout":"","theme-transparent-header-meta":"","adv-header-id-meta":"","stick-header-meta":"","header-above-stick-meta":"","header-main-stick-meta":"","header-below-stick-meta":"","footnotes":""},"_links":{"self":[{"href":"https:\/\/acampamentoarraial.com.br\/index.php\/wp-json\/wp\/v2\/pages\/25806"}],"collection":[{"href":"https:\/\/acampamentoarraial.com.br\/index.php\/wp-json\/wp\/v2\/pages"}],"about":[{"href":"https:\/\/acampamentoarraial.com.br\/index.php\/wp-json\/wp\/v2\/types\/page"}],"author":[{"embeddable":true,"href":"https:\/\/acampamentoarraial.com.br\/index.php\/wp-json\/wp\/v2\/users\/2"}],"replies":[{"embeddable":true,"href":"https:\/\/acampamentoarraial.com.br\/index.php\/wp-json\/wp\/v2\/comments?post=25806"}],"version-history":[{"count":2,"href":"https:\/\/acampamentoarraial.com.br\/index.php\/wp-json\/wp\/v2\/pages\/25806\/revisions"}],"predecessor-version":[{"id":25808,"href":"https:\/\/acampamentoarraial.com.br\/index.php\/wp-json\/wp\/v2\/pages\/25806\/revisions\/25808"}],"wp:attachment":[{"href":"https:\/\/acampamentoarraial.com.br\/index.php\/wp-json\/wp\/v2\/media?parent=25806"}],"curies":[{"name":"wp","href":"https:\/\/api.w.org\/{rel}","templated":true}]}}